base 12) to base 14
4548
-34472223 (base 8) to base 5
-3410012242
1600630 (base 9) to base 12
368a60
What is b7657 (base 12) in base 9?
406674
Convert 67903 (base 12) to base 9.
230033
What is 1128679 (base 11) in base 12?
7b1ba2
What is -2441346 (base 8) in base 13?
-1a7129
What is -223429 (base 11) in base 8?
-1267064
257d68 (base 15) to base 5
430023043
-4368164 (base 11) to base 8
-35200562
Convert 1002211001000 (base 3) to base 2.
10001111010001111000
324943 (base 14) to base 16
19fcbf
What is 25675545 (base 8) in base 16?
577b65
What is -1525453 (base 7) in base 6?
-4244551
What is 2920502 (base 11) in base 5?
2241204340
Convert 1813534 (base 10) to base 6.
102511554
11011100011011000 (base 2) to base 15
2368b
66436 (base 9) to base 15
d0ec
Convert -23aa65 (base 13) to base 10.
-852012
What is -339808 (base 11) in base 15?
-aa021
What is 223a77 (base 13) in base 11?
502145
-111000100011001 (base 2) to base 15
-88a3
16c42a (base 13) to base 15
b3c25
-36291 (base 14) to base 10
-132231
455239 (base 16) to base 9
8483774
-2ec0d (base 15) to base 13
-53a9a
97604 (base 14) to base 5
43204012
Convert 188002 (base 9) to base 6.
2303215
-100112220102 (base 3) to base 6
-4010232
What is 10121021111 (base 4) in base 11?
717215
38dc00 (base 15) to base 7
32126211
Convert -30303411 (base 8) to base 16.
-618709
Convert a85882 (base 11) to base 5.
421012401
38410 (base 14) to base 2
100001101100001110
Convert 4043003230 (base 5) to base 14.
112a36b
Convert -3115 (base 6) to base 2.
-1010110111
Convert -13012 (base 4) to base 10.
-454
Convert 1011100110111 (base 3) to base 2.
10010110101001101111
What is -143451 (base 8) in base 10?
-50985
What is 159aa (base 11) in base 13?
a322
What is 28319 (base 13) in base 8?
222733
What is 6e1502 (base 15) in base 16?
5067fe
Convert -15404413 (base 9) to base 8.
-35227206
Convert -2993971 (base 10) to base 14.
-57d151
What is -18de1 (base 15) in base 9?
-132704
-35615201 (base 7) to base 11
-1871121
What is 100140331 (base 5) in base 9?
663608
Convert -6a80c (base 14) to base 12.
-106224
What is 10096aa (base 11) in base 14?
346402
What is -1511b0 (base 15) in base 3?
-1220122001110
-103466 (base 7) to base 13
-82ca
What is 1314353 (base 9) in base 3?
1100111101210
What is 71205 (base 10) in base 5?
4234310
10102010112120 (base 3) to base 6
102511240
-26c42 (base 14) to base 6
-2015030
Convert -563b (base 16) to base 3.
-1010021121
What is 21031301 (base 5) in base 7?
1323101
What is 15613460 (base 7) in base 12?
6115a2
-3567137 (base 8) to base 4
-3232321133
Convert 141698 (base 15) to base 6.
32415355
-22110202122212 (base 3) to base 16
-44b502
-24686a (base 11) to base 14
-a2036
Convert 32131030 (base 4) to base 3.
10000020001
-281467 (base 10) to base 8
-1045573
4041757 (base 9) to base 12
87a1a4
Convert -13006226 (base 7) to base 5.
-300204131
Convert -11001001001101110 (base 2) to base 8.
-311156
Convert 126693 (base 11) to base 16.
309eb
8091135 (base 11) to base 15
13c8b17
Convert -1130300302 (base 6) to base 15.
-1194658
-3410104 (base 6) to base 3
-22202111111
-101101100010111110100000 (base 2) to base 5
-11024032434
-244200 (base 8) to base 11
-58201
Convert 1311102212 (base 4) to base 14.
c711c
1960263 (base 10) to base 11
1119858
Convert -10101101000110101 (base 2) to base 14.
-24429
Convert 12244402312 (base 5) to base 7.
240101045
What is -211001021100 (base 3) in base 16?
-69f21
Convert 32387147 (base 9) to base 3.
1002102221011121
What is -163337 (base 9) in base 11?
-69879
What is 1820760 (base 9) in base 3?
1220200212000
What is -7cbc3 (base 16) in base 6?
-14541203
What is 10101001000010110100 (base 2) in base 3?
1022011210121
3147 (base 10) to base 5
100042
What is 425545002 (base 6) in base 16?
734e9a
Convert -14412132 (base 5) to base 8.
-454672
Convert -113301220 (base 4) to base 13.
-35431
What is 334775 (base 8) in base 9?
182181
What is 2020231413 (base 5) in base 6?
223130322
93870 (base 10) to base 16
16eae
What is 53103142 (base 6) in base 13?
422873
-60c391 (base 15) to base 16
-462739
What is 120312023 (base 4) in base 9?
164538
What is -100221112012122 (base 3) in base 4?
-110022120122
Convert 33530 (base 11) to base 13.
1913c
6884c9 (base 13) to base 16
25c2a7
-374a20 (base 11) to base 9
-1102305
Convert 209335 (base 10) to base 12.
a1187
What is -53124325 (base 6) in base 13?
-423c71
Convert 5552432 (base 6) to base 2.
1000100001011000100
What is -460227 (base 9) in base 6?
-5524341
Convert -6526002 (base 7) to base 9.
-1443883
What is -55c51 (base 14) in base 8?
-626537
-117108 (base 10) to base 3
-12221122100
141405 (base 8) to base 3
2112111002
What is -6329 (base 14) in base 13?
-7a17
-13863510 (base 9) to base 12
-2384283
Convert 671564 (base 13) to base 16.
251759
What is 23220213 (base 4) in base 6?
1004343
23414224 (base 6) to base 5
141430232
Convert d86099 (base 14) to base 13.
1691aa6
-1411183 (base 10) to base 2
-101011000100001101111
What is 95876 (base 11) in base 7?
1120430
Convert -d71ec (base 16) to base 11.
-55200a
Convert 32404 (base 7) to base 13.
38b3
What is 533410 (base 7) in base 4?
112210312
Convert -7db72 (base 14) to base 16.
-4ae98
What is -50888 (base 11) in base 6?
-1331501
What is -333113022 (base 5) in base 11?
-905954
53348 (base 10) to base 11
37099
What is -1aa30 (base 14) in base 10?
-67858
What is -21112200100 (base 3) in base 7?
-1155615
What is a48 (base 16) in base 12?
1634
What is -5227612 (base 8) in base 12?
-56b5a2
21220200020 (base 3) to base 4
212001321
Convert 1024242020 (base 5) to base 4.
20110130111
What is -2153540 (base 12) in base 8?
-30114100
Convert -684a38 (base 16) to base 5.
-3222202434
Convert -c1452 (base 15) to base 4.
-2111120030
13012300010 (base 4) to base 8
7066004
Convert 12171 (base 15) to base 9.
87137
Convert 31405425 (base 6) to base 14.
19cbb3
-6404572 (base 9) to base 13
-93054b
Convert -16160742 (base 10) to base 9.
-33361330
45430436 (base 7) to base 9
7401065
Convert -145351 (base 10) to base 4.
-203133013
Convert ff784 (base 16) to base 7.
11615512
What is 3254315 (base 11) in base 14?
a8ad9b
-130221002 (base 4) to base 12
-57a82
413444042 (base 5) to base 15
2398ec
What is -10112100101111 (base 3) in base 11?
-1072018
Convert -6827d (base 16) to base 10.
-426621
What is -524b8 (base 12) in base 10?
-107852
Convert 3200264 (base 7) to base 15.
798a5
Convert -389554 (base 15) to base 16.
-296c50
-10120211022100 (base 3) to base 14
-37878b
-1001012010 (base 3) to base 14
-76bc
-100274 (base 8) to base 13
-12001
Convert -240445052 (base 6) to base 13.
-c21917
12788443 (base 10) to base 6
1134033431
Convert 13441441 (base 5) to base 7.
1122611
2212232 (base 4) to base 10
10670
What is 1513985 (base 11) in base 14?
4b841a
Convert 756d7 (base 16) to base 6.
14150435
What is 33078 (base 13) in base 16?
168d5
Convert -1ce116 (base 15) to base 13.
-3a6a0a
-13130205 (base 6) to base 13
-121616
Convert -111010011000110010010 (base 2) to base 3.
-10121012110112
What is -2d74 (base 14) in base 10?
-8138
Convert 4d7dd (base 14) to base 9.
320774
1203160 (base 7) to base 9
252024
-100100440 (base 5) to base 15
-7ba80
Convert -1110212 (base 5) to base 4.
-10233220
101101100000001010 (base 2) to base 4
231200022
81795 (base 14) to base 8
1140427
What is 200221012122 (base 3) in base 14?
99b55
-65420 (base 8) to base 6
-330520
What is -a799 (base 11) in base 8?
-33671
1115014 (base 8) to base 7
2364146
Convert 424a8 (base 15) to base 10.
210308
Convert 11300122 (base 5) to base 12.
4b84a
What is -1cd96 (base 16) in base 6?
-2311022
2218598 (base 10) to base 11
1285958
What is -4c997 (base 13) in base 5?
-14023003
What is -a21942 (base 15) in base 2?
-11101010111111111101110
-3031 (base 11) to base 3
-12112011
49411 (base 10) to base 5
3040121
Convert 5fb87 (base 16) to base 12.
16aa87
2015541 (base 9) to base 4
10012011322
Convert 5041023 (base 7) to base 11.
379497
Convert 4587684 (base 9) to base 3.
11122221202211
What is 1100111101010010011000 (base 2) in base 15?
4716aa
What is 169810 (base 10) in base 6?
3350054
What is -23112330021 (base 4) in base 12?
-bb7149
Convert -101250 (base 6) to base 13.
-38b8
525c35 (base 14) to base 11
1630236
What is -121001033 (base 4) in base 3?
-12012120112
Convert 450343 (base 7